- 2. Determine s(g).
3
Let q(f) = -7*f**3 + 6*f**2 + 7*f. Let y(r) = 6*r**3 - 5*r**2 - 6*r - 1. Let l(k) = -5*q(k) - 6*y(k). Let b be (2 - 2)/(2/1). Determine l(b).
6
Suppose -2*i - 4*q - 46 = -4*i, 2*q - 82 = -4*i. Let y = 21 - i. Let n(o) = 5*o - 9. Let z(l) = 2*l - 3. Let v(c) = -3*n(c) + 8*z(c). Determine v(y).
3
Let i(o) = o - 12. Let y = -285 + 298. Determine i(y).
1
Let g(q) = -4 + 0 - 4 + 5 + 2 - 4*q**2 + q. Determine g(2).
-15
Let q = 71 - 59. Let i(f) = -f**3 + 6*f**2 + 8*f + 2*f**3 - 8*f**2 - q*f - 1. Suppose -19 + 4 = -5*a. Calculate i(a).
-4
Let z(u) = u**3 + 17*u**2 + 2*u + 44. Let p be z(-17). Let r(w) = w**2 - 7*w + 7. Let s(i) = -2*i**2 + 15*i - 14. Let q(j) = -7*r(j) - 4*s(j). What is q(p)?
-3
Let b = 6 - 8. Let h = -7 - b. Let c(x) = 5*x + 3*x - 7*x - 2 + 5. Give c(h).
-2
Let q be (6/9)/(1*(-6)/45). Let w(m) be the first derivative of 6*m + 1/4*m**4 - 3/2*m**2 - 3 + 4/3*m**3. Determine w(q).
-4
Let j be (-1*2)/((-19)/((-1368)/(-16))). Let i(b) = -b**2 + 10*b + 8. Determine i(j).
17
Let t(m) be the third derivative of m**8/6720 - m**7/504 - m**6/180 - m**5/20 + m**4/8 - 2*m**2. Let q(x) be the second derivative of t(x). Determine q(6).
6
Let q = 123 + -134. Let y(f) = f + 12. Give y(q).
1
Let g(q) = -q**2 + 4*q + 19. Let b be 100/36 + 4 + (-4)/(-18). Let j be g(b). Let u(l) = -l**3 + l**2 - 1. Give u(j).
11
Let l(u) = -u + 3. Let d be l(4). Let a(i) = -6*i - 3. Let j(z) = 1. Let y(m) = d*a(m) - 3*j(m). What is y(-2)?
-12
Let s(a) = -a**3 + 2*a**2 + 5*a + 3. Let q(v) = -v**3 - 2*v**2 + 6*v + 6. Let w be q(-3). Give s(w).
33
Let n(g) be the second derivative of -g**4/12 + 5*g**3/6 + g + 60. Let a = 12 + -6. Let z = -1 + a. Determine n(z).
0
Let h(i) = 2*i**3 - 7*i**2 - 4*i - 5. Let x be h(4). Let q(k) = 14*k - 12. Let b = -38 - -21. Let p(v) = -5*v + 4. Let w(c) = b*p(c) - 6*q(c). Calculate w(x).
-1
Let g(f) be the first derivative of f**2 + 8*f - 402. Let l(t) = -7*t**3. Let r be l(1). What is g(r)?
-6
Let t(m) = 19*m + 13. Let w(d) = -8*d - 6. Let v(n) = -3*t(n) - 7*w(n). What is v(9)?
-6
Suppose -5*u - 4*n + 38 = 0, 15*u - 3*n - 18 = 11*u. Let c(h) = h**2 - 2*h - 30. Give c(u).
-6
Let p(h) = h**3 + 2*h**2 - 3*h - 1. Let u = -46 + 49. Let x be (-3)/(u - (2 + (0 - 0))). Give p(x).
-1
Let d(m) be the third derivative of m**4/8 + m**3/6 - 25*m**2. Suppose -y + 1 = -0*y. Suppose -4*g - 20 - y = 5*w, w - 4*g - 15 = 0. Calculate d(w).
-2
Let u(s) = 2*s**3 + 18*s**2 + 9*s + 21. Let n(q) = q**3 + 9*q**2 + 4*q + 10. Let x(o) = 7*n(o) - 3*u(o). Give x(-9).
-2
Let h be 6/(-8)*840/(-70). Let j(x) = 5*x - 11. Determine j(h).
34
Let p(k) = k**2 - 4*k - 4. Let y be 2/3 - 132/9. Let q = 16 + y. Suppose 8 + 0 = q*u. Determine p(u).
-4
Suppose 98*m - 70*m = 112. Let s(k) = -k**3 + 5*k**2 - 5. Calculate s(m).
11
Let k = 2360 - 2363. Let x(j) = -j**3 - j**2 + j + 3. Calculate x(k).
18
Let o(a) be the third derivative of 0 + 0*a + 1/12*a**4 - 5*a**2 - 1/12*a**5 + 1/6*a**3. Suppose j + 4*j = -5. Determine o(j).
-6
Let j(a) = 23*a**2 + 9*a - 16. Let s(i) = 11*i**2 + 4*i - 7. Let x(w) = -4*j(w) + 9*s(w). Determine x(1).
8
Let t(c) = -c**2 - c. Let q be t(-1). Let g(y) = -y - 11. Let w(b) = b + 11. Let l(p) = 2*p - 8. Let f be l(7). Let s(v) = f*g(v) + 5*w(v). What is s(q)?
-11
Let s(c) = c**2 + 7*c - 8. Suppose 4*y = 4*p + 4, -2*p = 3*p - 3*y - 5. Let i(m) = m**2 + 8*m - 8. Let u(r) = p*s(r) - 3*i(r). What is u(-6)?
4
Let g(y) = -11 - 38*y**2 + 174*y**2 - 138*y**2 + 7*y. Give g(6).
-41
Let h(k) be the first derivative of k**4/4 - 4*k**3/3 + k**2/2 - k + 3. Let p be h(4). Let b(m) = 6 - m + p*m - m. Determine b(6).
12
Let j = 258 - 252. Let v(g) = g**2 - 4*g - 7. Determine v(j).
5
Let r(o) be the second derivative of -1/2*o**2 - 7/6*o**3 + 0 - 18*o. Give r(-1).
6
Let h(z) be the second derivative of 2*z + 1/12*z**4 + 0 - 5/6*z**3 + 2*z**2. Suppose -3*a + 25 = 5*b - 7*a, 3*a = -2*b + 10. What is h(b)?
4
Suppose -4*s = -s + 3. Let d(a) = -166*a**2 + 5*a + 8. Let y(t) = 106*t**2 - 3*t - 5. Let h(c) = 5*d(c) + 8*y(c). Give h(s).
17
Suppose 0*d = 4*d - 16. Let u be 2/d + 5/2. Let b(s) = s - u + 0 + 0 - 3*s. What is b(-4)?
5
Let g(m) be the third derivative of m**5/30 + 41*m**4/24 - 9*m**3/2 - 4*m**2 - 18. Give g(-21).
-6
Let l(t) = 2*t**2 - t - 1. Let o(f) be the first derivative of 7*f**3/3 - 9*f**2/2 - 4. Let s(n) = 3*l(n) - o(n). Give s(4).
5
Let v(x) = x**3 + 4*x**2 - 8*x + 5. Suppose -1 = -2*s + 7, -32 = 2*n - 5*s. Determine v(n).
-19
Let g(u) = -6 + 5*u - 51*u**2 - 5 + 52*u**2. What is g(-8)?
13
Let f(c) = -c**2 + 14*c + 5. Let g(d) = -d - 26. Let i be g(-40). Calculate f(i).
5
Let p(b) be the third derivative of b**3/6 + 7*b**2. Let s(u) = -u**2 - 5*u + 10. Let f(d) = 2*p(d) - s(d). Determine f(-7).
6
Suppose 0 = 3*q + q - 12. Suppose -q*r = -2*r. Let d(g) = -g**3 + 3. Calculate d(r).
3
Let v(c) be the first derivative of -c**2/2 - 2*c - 1586. Let u(b) = b**2 + 6*b + 3. Let l be u(-4). Let y(n) = -n**2 - 4*n + 1. Let t be y(l). What is v(t)?
2
Let s = -30 - -30. Suppose 11*p - 3*p + 8 = s. Let g(z) = 12*z + 3 - 4 + 2. Give g(p).
-11
Let p(q) be the second derivative of -q**3/6 + 4*q**2 + 2*q - 348. Let x(g) = -g**3 + 5*g**2 + 9*g - 5. Let l be x(6). Let i = 19 - l. Give p(i).
2
Let g be ((-1)/(-4))/((-20)/560). Let w(l) = 3*l + 4. Give w(g).
-17
Let d(b) = -b - 2. Let n(c) = 8*c + 36. Let w(i) = 14*d(i) + 2*n(i). Give w(-18).
8
Let u(s) be the third derivative of s**8/1680 - s**6/720 - s**5/30 + s**2. Let h(v) be the third derivative of u(v). Calculate h(1).
11
Let i(k) be the second derivative of -k**4/12 - 7*k**3/6 - 3*k**2 - 2*k + 35. Calculate i(-4).
6
Let i = -1 - 0. Let x(k) = -24*k**3 + 14*k**3 + 1 - 71*k + 5*k**3 + 72*k. Determine x(i).
5
Suppose 0 = -4*o - 0 + 12. Let z = 0 + o. Let f(t) = 2*t**2 + t**3 - 3*t**3 + 4*t - z - 5*t**2 + t**3. Determine f(-4).
-3
Let s = 13 - 9. Let h(z) = z + 2*z + 2 + 3072203*z**2 - 3072204*z**2. Calculate h(s).
-2
Let q(p) be the first derivative of p**5/60 + p**4/3 + p**3/2 + 4*p**2 - 13. Let y(u) be the second derivative of q(u). Calculate y(-5).
-12
Let w(q) be the third derivative of -q**7/2520 - 7*q**6/720 - q**5/24 + q**4/3 - 9*q**2. Let n(k) be the second derivative of w(k). What is n(-5)?
5
Let x(c) = c**3 + 7*c**2 + 6*c - 6. Let v = -12 + 3. Let m = v - -5. Let r = m - 2. Give x(r).
-6
Let s(u) be the second derivative of 3*u**2 + 0 - 1/2*u**4 + 1/20*u**5 - 11/6*u**3 - 31*u. Determine s(7).
-22
Let g = 9 + -5. Let q(p) = -3*p - 5 - g + 2*p + p**3. Let j = 2 + -2. Give q(j).
-9
Let a = 12 - 8. Let t be (1/a)/((-2)/(-16)). Let p(u) = u**2 + 2*u + 1. Determine p(t).
9
Suppose 4*i + 18 = 2*i. Let f be 1/(-3) - i/27. Suppose f*w = -2*w. Let r(n) = -n + 3. Determine r(w).
3
Let i(p) be the second derivative of -p**3/3 + 3*p**2/2 - 2*p - 10. Determine i(-8).
19
Let k(r) = -9*r**2 - 12*r + 5*r - 61 - r**3 + 57. Determine k(-8).
-12
Let y(j) = -4*j + 1. Let c be (60/(-75))/((-2)/15). Let k = 0 + 1. Let r be (k + 1)*c/12. Give y(r).
-3
Let t(j) = 284*j - 11. Let h(z) = 57*z - 2. Let i(q) = -11*h(q) + 2*t(q). Determine i(-1).
59
Let s(o) = -2 + 0*o**2 - 2*o**2 + 8 + 6*o**2 + 2*o + o**3. Suppose -5*m = -7*k + 2*k - 35, 0 = -4*k + 2*m - 22. Calculate s(k).
-2
Suppose -7*v + 2*v + 4*b = -10, -5*b = -v + 23. Let a(u) = -6*u - 4. Let r be a(v). Let d(q) = -6*q**2 - 4*q + 5*q - q**3 + r*q + 10. What is d(-7)?
-4
Let b(w) = -w**2 - 5*w + 6. Suppose 7*g + 225 = -38*g. Calculate b(g).
6
Let c(s) = -s**2 - 8*s + 1. Let o(a) be the third derivative of -a**4/24 - 29*a**3/6 - 7*a**2. Let l be o(-23). What is c(l)?
13
Let p(g) be the first derivative of -g**4/4 + g**3/3 - g**2/2 - 3*g - 30. Let v be 4/10 + (-76)/(-10). Suppose t = 4*f + v, t = 3*f + 1 + 5. What is p(t)?
-3
Let y(v) = -v + 2 + 4*v + 0 - v**2. Let r = -152 + 159. Calculate y(r).
-26
Let l(z) = -z + 13. Let k = -202 + 219. What is l(k)?
-4
Let s be 3/(-6) - 7*3/(-6). Let g be s/(-4 - (-34)/10). Let d(z) = -z. Calculate d(g).
5
Let w(n) = 13*n + 4. Let d(q) = 1. Let k(t) = -4*d(t) + w(t). Give k(-1).
-13
Suppose -8*u + 0*u = 0. Let r(n) be the third derivative of 1/8*n**4 - 7/6*n**3 - 3*n**2 + u*n + 0. Give r(5).
8
Suppose 34 = -5*f - 98*y + 100*y, 3*f - y = -20. Let j(g) = 2*g + 19. Give j(f).
7
Let v(r) = -r**3 - 8*r**2 + r - 1. Let a = 16 - 13. Let f be